te the greatest common divisor of 1730 and 50.
10
What is the highest common factor of 38 and 57?
19
Calculate the highest common divisor of 180 and 432.
36
What is the highest common divisor of 7 and 175?
7
What is the greatest common divisor of 36 and 36?
36
Calculate the highest common factor of 12 and 708.
12
What is the highest common divisor of 12 and 27120?
12
Calculate the highest common divisor of 512 and 96.
32
What is the highest common factor of 288 and 664?
8
Calculate the highest common divisor of 3150 and 252.
126
Calculate the highest common divisor of 1456 and 1792.
112
Calculate the highest common factor of 221 and 17.
17
Calculate the highest common factor of 86 and 387.
43
Calculate the greatest common factor of 51 and 23681.
17
What is the highest common factor of 53 and 318?
53
What is the greatest common factor of 66 and 814?
22
Calculate the highest common divisor of 198 and 7029.
99
Calculate the highest common factor of 632 and 790.
158
Calculate the greatest common divisor of 686 and 98.
98
Calculate the greatest common divisor of 969 and 34.
17
What is the highest common divisor of 6 and 66?
6
What is the greatest common divisor of 38 and 950?
38
What is the highest common factor of 151 and 25519?
151
Calculate the greatest common divisor of 5412 and 132.
132
Calculate the greatest common factor of 3379 and 109.
109
What is the greatest common divisor of 504 and 56?
56
Calculate the highest common factor of 527 and 279.
31
What is the greatest common factor of 72 and 24?
24
What is the highest common divisor of 498 and 6?
6
What is the greatest common divisor of 26 and 351?
13
What is the greatest common divisor of 48 and 80?
16
Calculate the greatest common factor of 78 and 312.
78
Calculate the highest common factor of 660 and 352.
44
Calculate the greatest common factor of 260 and 1495.
65
What is the greatest common divisor of 12 and 156?
12
What is the highest common divisor of 152 and 1026?
38
Calculate the greatest common factor of 20711 and 298.
149
What is the highest common divisor of 527 and 2?
1
Calculate the greatest common factor of 1089 and 99.
99
Calculate the highest common factor of 6244 and 28.
28
Calculate the highest common divisor of 22 and 187.
11
Calculate the highest common divisor of 686 and 14.
14
What is the greatest common divisor of 253 and 979?
11
Calculate the greatest common divisor of 19088 and 16.
16
What is the greatest common factor of 171 and 279?
9
Calculate the greatest common factor of 65 and 26.
13
Calculate the highest common factor of 5 and 135.
5
Calculate the highest common divisor of 59 and 3363.
59
Calculate the greatest common factor of 52 and 56.
4
What is the highest common factor of 5698 and 308?
154
What is the greatest common divisor of 88 and 44?
44
What is the greatest common factor of 15067 and 247?
247
Calculate the highest common factor of 33 and 803.
11
What is the greatest common factor of 1232 and 462?
154
What is the highest common divisor of 6 and 3762?
6
Calculate the greatest common divisor of 86 and 4171.
43
Calculate the highest common divisor of 46 and 874.
46
Calculate the greatest common divisor of 1276 and 29.
29
Calculate the greatest common divisor of 1391 and 13.
13
Calculate the highest common factor of 481 and 13.
13
What is the greatest common divisor of 186 and 403?
31
Calculate the greatest common divisor of 90 and 40.
10
What is the greatest common factor of 282 and 1081?
47
What is the highest common factor of 9 and 6651?
9
What is the greatest common divisor of 2618 and 170?
34
Calculate the highest common divisor of 7362 and 6.
6
Calculate the highest common divisor of 23 and 391.
23
Calculate the greatest common factor of 1537 and 58.
29
Calculate the greatest common divisor of 88 and 56.
8
What is the greatest common divisor of 69 and 69?
69
What is the greatest common factor of 105 and 6060?
15
Calculate the greatest common factor of 78 and 338.
26
Calculate the highest common divisor of 17472 and 96.
96
Calculate the greatest common factor of 36 and 140.
4
Calculate the greatest common divisor of 13545 and 2835.
315
Calculate the highest common divisor of 1980 and 2115.
45
What is the highest common factor of 360 and 5640?
120
Calculate the greatest common factor of 63 and 2331.
63
Calculate the greatest common divisor of 36 and 2466.
18
Calculate the highest common divisor of 3731 and 91.
91
Calculate the highest common divisor of 180 and 36.
36
What is the greatest common divisor of 1735 and 5?
5
What is the highest common factor of 124 and 558?
62
Calculate the highest common divisor of 504 and 6741.
63
What is the greatest common factor of 280 and 200?
40
Calculate the greatest common divisor of 418 and 38.
38
Calculate the greatest common factor of 12 and 52.
4
What is the greatest common divisor of 68 and 34?
34
Calculate the highest common factor of 60 and 9840.
60
Calculate the greatest common factor of 140 and 2044.
28
What is the highest common factor of 19975 and 141?
47
What is the highest common divisor of 646 and 34?
34
Calculate the highest common divisor of 39 and 5889.
39
Calculate the highest common divisor of 1113 and 168.
21
What is the greatest common factor of 90 and 846?
18
Calculate the highest common factor of 2171 and 26.
13
What is the greatest common factor of 5 and 27155?
5
What is the greatest common factor of 2616 and 72?
24
Calculate the greatest common divisor of 44 and 341.
11
What is the greatest common factor of 460 and 736?
92
Calculate the highest common divisor of 118 and 2.
2
Calculate the highest common factor of 6 and 33.
3
What is the greatest common divisor of 16577 and 274?
137
What is the highest common factor of 286 and 2418?
26
Calculate the highest common divisor of 1 and 71.
1
Calculate the greatest common factor of 1 and 230.
1
Calculate the greatest common divisor of 126 and 2016.
126
Calculate the greatest common divisor of 2 and 82.
2
What is the greatest common divisor of 80 and 512?
16
What is the greatest common divisor of 6503 and 7?
7
What is the highest common divisor of 44 and 5291?
11
What is the highest common divisor of 66 and 426?
6
Calculate the greatest common factor of 81 and 36.
9
Calculate the highest common factor of 427 and 357.
7
What is the greatest common factor of 77 and 11?
11
What is the greatest common factor of 13 and 143?
13
Calculate the highest common factor of 21 and 63.
21
Calculate the highest common factor of 1106 and 14.
14
Calculate the highest common factor of 33870 and 60.
30
Calculate the greatest common divisor of 56 and 1778.
14
Calculate the greatest common divisor of 5480 and 320.
40
What is the greatest common factor of 39 and 5811?
39
What is the highest common factor of 104 and 52?
52
What is the highest common factor of 24 and 228?
12
Calculate the highest common factor of 32 and 352.
32
What is the greatest common divisor of 25721 and 578?
289
What is the highest common divisor of 1300 and 104?
52
Calculate the greatest common divisor of 505 and 101.
101
Calculate the greatest common divisor of 96 and 9876.
12
Calculate the highest common factor of 101420 and 220.
220
Calculate the highest common divisor of 60 and 17070.
30
What is the highest common factor of 18 and 666?
18
What is the greatest common divisor of 72 and 32?
8
Calculate the greatest common divisor of 11433 and 2472.
309
What is the highest common factor of 54 and 594?
54
Calculate the greatest common divisor of 10449 and 243.
243
What is the highest common divisor of 132 and 1353?
33
Calculate the greatest common divisor of 294 and 6321.
147
What is the greatest common divisor of 48 and 272?
16
Calculate the greatest common divisor of 12500 and 100.
100
Calculate the highest common divisor of 1989 and 459.
153
Calculate the greatest common divisor of 689 and 26.
13
What is the greatest common divisor of 438 and 24?
6
Calculate the highest common factor of 6 and 618.
6
Calculate the highest common divisor of 2241 and 135.
27
Calculate the highest common divisor of 19 and 304.
19
Calculate the highest common factor of 2231 and 291.
97
What is the highest common divisor of 56 and 7?
7
What is the greatest common factor of 1008 and 819?
63
Calculate the highest co